9)/r*40/(-6). Let g be 2/m + 76/(-95). What is c(g)?
13
Let o = 41 + -38. Let g(w) = -o + 0 + 60*w - 56*w. Determine g(-3).
-15
Let x(h) = -3*h**3 - 5*h**2 - 5*h - 2. Let r be 15/(-10)*(-4)/2. Let n(b) = 1 + 3 - 6 - b**r - b**3 - 4*b**2 - 4*b. Let s(w) = -4*n(w) + 3*x(w). Calculate s(0).
2
Suppose -k + 25 = 19. Let n(a) = -k*a + a - 9 - 2 + 4*a. What is n(-10)?
-1
Let c(i) = -i**3 + i**2 + 2*i + 1. Let t be c(2). Let m(u) be the third derivative of -u**4/24 - 345*u**2. What is m(t)?
-1
Let a(b) = -b**2 + 21*b - 21. Suppose 8*h - 4*h - 30 = -2*k, 4*k - h = 78. Determine a(k).
17
Let i(t) = t**2 + 18*t + 40. Let r be i(-17). Suppose r*h - 3*h + 40 = 0. Let a(l) = 2*l**3 - l**2 - 3*l - 1. Give a(h).
-15
Let t(l) = -15*l + 329. Let w be t(22). Let s(f) = f - 1. Give s(w).
-2
Let j(t) = 22*t - 12*t**2 + 6 + 10*t**2 - 3*t. Give j(10).
-4
Let t(r) = -r**3 - 10*r**2 - 5*r + 1. Let g(q) = -q**3 - 9*q**2 - 5*q + 2. Let k(w) = 3*g(w) - 2*t(w). Let y be ((-368)/(-1104))/((-2)/36). Give k(y).
-2
Let b = 328 - 328. Let r(d) = -d**2 - 4. What is r(b)?
-4
Let u(k) = -k**2 - 13*k - 4. Let w be u(-12). Suppose c + 5 = w. Let p(i) = 2 + 4*i**2 - 3*i**3 - 5*i**3 + i**3 + 5*i**c. Give p(3).
-16
Let w(f) be the first derivative of f**3/3 - 12*f**2 - 17*f - 1053. Give w(24).
-17
Let u(x) = x**2 - 2*x. Let m(d) = 4*d**2 + 5. Let b(l) = -m(l) + 3*u(l). Give b(-9).
-32
Let n = 37 - 3. Suppose 36*a - n*a = 12. Let m(k) = -k**2 + 5*k. Give m(a).
-6
Let k(n) be the third derivative of n**5/60 + n**4/12 - 2*n**2. Let a be k(-1). Let m(o) = -17*o**2 - 2*o + 2*o + 1. Determine m(a).
-16
Let y(b) = -b**2 - 5*b - 7*b - 17*b - 16*b - 5 + 35*b. Give y(-14).
-61
Let v(o) = 120*o**3 - 1 - 7*o**2 - o + 0 - 119*o**3. Determine v(7).
-8
Let h(w) be the third derivative of w**4/8 + w**2. Let a = 1 + 15. Suppose a*l = 30 + 2. What is h(l)?
6
Let a(p) be the first derivative of -p**4/24 - 11*p**3/6 - 5*p**2/2 + 10. Let m(z) be the second derivative of a(z). Give m(-8).
-3
Suppose -5*q + 241 = -4*d + 246, -3*d = 3*q - 24. Let b(p) be the third derivative of 1/6*p**q + 0 + 0*p - 12*p**2 - 1/8*p**4. Give b(1).
-2
Let l(m) = -m**3 - 5*m**2 - 4*m. Let x(y) = -9*y + 14. Let d be x(6). Let h = -43 - d. Give l(h).
-6
Let y(w) = 5 + 3*w - 5*w + w. Suppose -3*d = t + 8, 16 = -5*t + 3*d + 48. Determine y(t).
1
Let n(u) = -35 - 5*u - 35 + 87. Calculate n(6).
-13
Let s(f) be the first derivative of -f**4/4 + 4*f**3/3 - f**2/2 - 2*f - 12. Give s(3).
4
Let p(q) be the second derivative of 1/3*q**3 + 0*q**4 - 1/20*q**5 - q**2 - 11*q + 0. Give p(2).
-6
Let v(t) = t**2 + 6*t - 6. Let m be v(-7). Let c = m + 2. Let q(b) be the third derivative of -b**4/24 - b**3/2 - 4*b**2 - 87. Determine q(c).
-6
Let t(l) = -1. Let w(o) = o - 20. Let x(k) = 4*t(k) - w(k). Let q be x(10). Let m(u) = -u**3 + 7*u**2 - 8*u - 5. Determine m(q).
-17
Suppose 3*u + 4*h - 10 = 14, 3*u - 3 = 3*h. Let o(w) = -3*w - 5. Give o(u).
-17
Suppose -4 = -3*s + 4*s. Let u be 1 + s + 6/2. Let c(b) = u + 0 - 14*b - 1 + 0. Calculate c(-1).
13
Let b(f) = 2*f**2 - 3 - f**2 - 5*f**2 - 2*f + 2*f**2. Let x be b(-3). Let w = x + 13. Let o(p) = p**2 + p + 1. What is o(w)?
3
Let q(r) = -r. Let v = -8 - -11. Suppose -v*t - 2*t = -30. Give q(t).
-6
Let l(h) = -2*h + 13. Suppose -40*n + 156 = -14*n. Calculate l(n).
1
Let p(l) = 2*l**2 + 45 + 52*l - 46*l - 44. What is p(-4)?
9
Let j(z) = -z**2 - 6*z - 2. Let k be 4/22 - (-1336)/(-88). Let v = 19 + k. Suppose -n - v = -0*n. Give j(n).
6
Let u(y) be the second derivative of y**4/6 + 10*y**3/3 + 2*y**2 + 16*y + 7. Determine u(-10).
4
Let b(u) = -u**2 + 4*u - 2. Let r be b(5). Let q = -4 - r. Let m be 6/4*(-4)/q. Let x(h) = -h**3 - 3*h**2 - 1. Determine x(m).
-5
Suppose 0 = -2*f + 3*w - 1, 9*f - 4*w = 11*f + 22. Let o(y) = -y**3 - 2*y**2 + 5*y - 8. Give o(f).
42
Let z(n) be the third derivative of n**9/60480 - n**8/2240 + n**7/504 - n**6/80 + n**5/15 + 18*n**2. Let d(j) be the third derivative of z(j). Give d(8).
7
Let c = 64 + -44. Let v = c + -18. Let d(y) = 0*y + 0 - 3*y - 9 + 8 + y**v. Give d(4).
3
Let v(n) = -n - 8. Suppose -2*x + 4*x - 64 = 0. Suppose 5*b + x + 3 = 0. Determine v(b).
-1
Let f(v) be the third derivative of -v**7/840 + v**6/360 + v**5/120 + 5*v**4/24 - 3*v**3/2 - 7*v**2. Let i(p) be the first derivative of f(p). What is i(0)?
5
Let f be ((-5)/5)/((-2)/(-14)). Let z = 8 + f. Let n(g) = -6*g**3 + 2*g - 1. Let y be n(z). Let t(m) = -m**3 - 5*m**2 + m + 3. Calculate t(y).
-2
Let j be (-7)/(-3) + 2/3. Let q be (j/(-9)*0)/(-2). Let y(f) be the second derivative of f**3/6 - f**2 - 2*f. Calculate y(q).
-2
Let a(l) be the first derivative of 2*l**3/3 + l**2/2 + l + 1. Let s(f) = -37*f + 1 + 40*f + 1 + 3*f**2 - 4*f**2. Let x be s(4). Give a(x).
7
Let f be -8 + 4 + (-1 - -2). Let p(h) = -7*h + 13. Let d(z) = 11*z - 20. Let c = 3 + 5. Let a(o) = c*p(o) + 5*d(o). What is a(f)?
7
Suppose 3 = 4*s - 25. Let n(k) = -k**2 + 9*k - 8. Let t be n(s). Suppose -t*d + d - 5 = 0. Let j(q) = -10*q. Give j(d).
10
Let f(g) = -310*g + 3*g**2 + 309*g - 1 + 0 - g**3. Give f(2).
1
Let m(v) = -1 - 4890*v + 4891*v - 1. What is m(0)?
-2
Let z(y) = y**2 + 13*y - 10. Let p(q) = -2*q**2 - 26*q + 18. Let v(x) = 3*p(x) + 5*z(x). Determine v(-15).
-26
Let o(y) = 123*y**2 - 66*y**2 + 1 - 61*y**2 + y**3 - 4*y + 0. Determine o(5).
6
Let c(p) = 4*p**2 - 3 - 7*p + 0*p**3 - 11*p**2 - p**3. Let r = -4 + 5. Let q be (-3)/r - (5 - 2). Calculate c(q).
3
Let n(h) = 2*h**2 + 3*h - 3. Suppose -3*o = -8*o - 5. Let v be (-2 - o)/(2*(-3)/(-18)). What is n(v)?
6
Let d(b) be the first derivative of -b**2 + 1/4*b**4 - 11 + 7*b - 7/3*b**3. Let k = -2 - -9. Give d(k).
-7
Let o(m) = m**2 - 7*m - 7. Suppose -37*c = -32*c - 40. Give o(c).
1
Let q(w) be the third derivative of 0 + 0*w - 20*w**2 - 1/6*w**3 + 1/24*w**4. Calculate q(10).
9
Let v(u) be the first derivative of -u**5/60 - u**4/8 + u**3/3 - 4. Let m(p) be the third derivative of v(p). Determine m(-3).
3
Let c = 36 - 34. Suppose -c*a - 14 = 2. Let w(p) = p - 1. Let i(m) = -8*m - 6. Let b(o) = -i(o) - 6*w(o). What is b(a)?
-4
Suppose 3*x - 3 = -n - 0*n, 0 = 3*n + x - 9. Let a(t) = -t + 1. Let d(y) = -y. Suppose -3*z + 2*z - 4 = 0. Let g(r) = z*d(r) + a(r). Determine g(n).
10
Let u(t) be the second derivative of 1/2*t**2 - 1/3*t**3 + 0 - 13*t + 25/12*t**4. What is u(1)?
24
Let z(m) be the third derivative of m**5/20 + m**3/3 - 2*m**2. Suppose 22*o = 5 + 39. Give z(o).
14
Let o(z) = 5*z - 1. Suppose 7*w - 14*w = -14. Suppose 0 = w*t - 9 + 5. Determine o(t).
9
Let p(g) be the second derivative of -5*g**3/6 - g**2/2 - 2*g. Let w(x) = -6*x - 1. Let c(o) = -7*p(o) + 6*w(o). What is c(-5)?
6
Let x(t) = 19*t + 2 + 10*t - 2. Let j(p) = -10*p. Let c(y) = 8*j(y) + 3*x(y). Let u = 491 + -492. What is c(u)?
-7
Let j be 1*1/(-1)*-7. Let t(o) be the second derivative of -o**4/12 + 3*o**3/2 - 2*o**2 + 9*o. What is t(j)?
10
Let n(b) = 2*b**3 + 2*b - 1. Let g be n(1). Suppose -g*p - v + 18 + 2 = 0, 4*p - 4*v = 0. Let l(d) = d + 4. Calculate l(p).
9
Let a(s) = 5*s**2 - 7*s - 3. Let o(j) = -11*j**2 + 15*j + 6. Suppose -35 = 9*r + 1. Let y(m) = r*o(m) - 9*a(m). Let w be 5/1*(3 + -2). Determine y(w).
-7
Let d(u) = -6*u + 5. Suppose -4*y - 12*l + 14*l + 30 = 0, 4*y + l = 27. Determine d(y).
-37
Let u = 3747 + -3753. Let t(m) = -3*m**3 - 6*m**2 + 5*m + 4. Let r(o) = 13*o**3 + 24*o**2 - 21*o - 16. Let k(n) = 2*r(n) + 9*t(n). What is k(u)?
-14
Let a = -4 + 6. Let v(u) be the third derivative of u**4/12 - u**3/3 + u**2 - 37. Give v(a).
2
Let f(h) = -5*h**3 + h**2 + 2*h + 1. Let x = 7 - 0. Suppose 0 = -3*b + 4 - x. What is f(b)?
5
Let f(x) be the second derivative of x**5/20 - 7*x**4/12 - 7*x**3/6 - 11*x**2/2 - 58*x - 1. Calculate f(8).
-3
Let z(w) = -191*w + 395*w - 1 - 201*w. Determine z(-1).
-4
Let b(r) = -5*r**2 + 3*r - 1. Let n(y) be the first derivative of -4*y**3/3 + 2*y**2 - y - 25. Let u(o) = -3*b(o) + 4*n(o). Calculate u(6).
5
Let n = -4 - -4. Let x(d) = 2*d**3 + 11*d**2 - 5*d + 2. Let m be x(-6). Let l be -2 + (m - (n + -6)). Let c(j) = j**3 - j**2 + j - 8. Give c(l).
-8
Let m(u) = u**3 + 6*u**2 - 3*u - 6. Let h(s) = -s**3 - 5*s**2 - 2*s + 7. Let g be h(-3). Determine m(g).
34
Let o(q) be the third derivative of q**5/60 - 5*q**4/12 + 11*q**3/6 + 5*q**2 + q. Give o(7).
-10
Let h(i) = 8 + 2*i + 2*i + 4*i + 10